{"id":182,"date":"2019-10-10T09:03:44","date_gmt":"2019-10-10T07:03:44","guid":{"rendered":"http:\/\/iesmaestrojosezamudio.es\/web\/?page_id=182"},"modified":"2020-11-09T18:35:09","modified_gmt":"2020-11-09T17:35:09","slug":"area-social-linguistica","status":"publish","type":"page","link":"http:\/\/iesmaestrojosezamudio.es\/web\/area-social-linguistica\/","title":{"rendered":"\u00c1rea social-ling\u00fc\u00edstica"},"content":{"rendered":"<h3>El Area Social-ling\u00fcistica engloba las materias especificas y estan distribuidas en los siguientes departamentos:<\/h3>\r\n<ul>\r\n \t<li><a href=\"http:\/\/iesmaestrojosezamudio.es\/web\/area-social-linguistica\/lengua-y-literatura\/\">Departamento Socioling\u00fcistico<\/a><\/li>\r\n \t<li><a href=\"http:\/\/iesmaestrojosezamudio.es\/web\/area-social-linguistica\/ingles\/\">Departamento de Idiomas (Ingles y Franc\u00e9s)<\/a><\/li>\r\n<\/ul>","protected":false},"excerpt":{"rendered":"<p>El Area Social-ling\u00fcistica engloba las materias especificas y estan distribuidas en los siguientes departamentos: Departamento Socioling\u00fcistico Departamento de Idiomas (Ingles y Franc\u00e9s)<\/p>\n","protected":false},"author":2,"featured_media":0,"parent":0,"menu_order":0,"comment_status":"closed","ping_status":"closed","template":"","meta":[],"_links":{"self":[{"href":"http:\/\/iesmaestrojosezamudio.es\/web\/wp-json\/wp\/v2\/pages\/182"}],"collection":[{"href":"http:\/\/iesmaestrojosezamudio.es\/web\/wp-json\/wp\/v2\/pages"}],"about":[{"href":"http:\/\/iesmaestrojosezamudio.es\/web\/wp-json\/wp\/v2\/types\/page"}],"author":[{"embeddable":true,"href":"http:\/\/iesmaestrojosezamudio.es\/web\/wp-json\/wp\/v2\/users\/2"}],"replies":[{"embeddable":true,"href":"http:\/\/iesmaestrojosezamudio.es\/web\/wp-json\/wp\/v2\/comments?post=182"}],"version-history":[{"count":3,"href":"http:\/\/iesmaestrojosezamudio.es\/web\/wp-json\/wp\/v2\/pages\/182\/revisions"}],"predecessor-version":[{"id":1532,"href":"http:\/\/iesmaestrojosezamudio.es\/web\/wp-json\/wp\/v2\/pages\/182\/revisions\/1532"}],"wp:attachment":[{"href":"http:\/\/iesmaestrojosezamudio.es\/web\/wp-json\/wp\/v2\/media?parent=182"}],"curies":[{"name":"wp","href":"https:\/\/api.w.org\/{rel}","templated":true}]}}

Área social-lingüística

<h3>El Area Social-lingüistica engloba las materias especificas y estan distribuidas en los siguientes departamentos:</h3>
<ul>
 	<li><a href="http://iesmaestrojosezamudio.es/web/area-social-linguistica/lengua-y-literatura/">Departamento Sociolingüistico</a></li>
 	<li><a href="http://iesmaestrojosezamudio.es/web/area-social-linguistica/ingles/">Departamento de Idiomas (Ingles y Francés)</a></li>
</ul>

<p>El Area Social-lingüistica engloba las materias especificas y estan distribuidas en los siguientes departamentos: Departamento Sociolingüistico Departamento de Idiomas (Ingles y Francés)</p>
