{"id":203,"date":"2019-10-10T09:13:55","date_gmt":"2019-10-10T07:13:55","guid":{"rendered":"http:\/\/iesmaestrojosezamudio.es\/web\/?page_id=203"},"modified":"2025-09-24T12:25:46","modified_gmt":"2025-09-24T10:25:46","slug":"dibujo","status":"publish","type":"page","link":"http:\/\/iesmaestrojosezamudio.es\/web\/departamentos\/area-artistica\/dibujo\/","title":{"rendered":"Dibujo"},"content":{"rendered":"<p align=\"justify\">Desde el Departamento de Dibujo se desarrolla la asignatura de <strong>Educaci\u00f3n Pl\u00e1stica Visual y Audiovisual<\/strong> para primer y segundo ciclo de Educaci\u00f3n Secundaria Obligatoria en la Comunidad Aut\u00f3noma de Andaluc\u00eda.<\/p>\r\n<p align=\"justify\">El Departamento de Dibujo est\u00e1 formado un solo miembro, Felipe Javier Palma Mej\u00edas.<\/p>\r\nEn nuestro centro en el curso presente 2025\/26 el alumnado se reparte de la siguiente forma y cursos:\r\n<ul>\r\n \t<li>Un grupo de primero de ESO<\/li>\r\n \t<li>Un grupos de segundo de ESO<\/li>\r\n \t<li>Un grupo de tercero de ESO.<\/li>\r\n \t<li>Dos grupos de cuarto de ESO.<\/li>\r\n<\/ul>\r\n<p align=\"justify\">Adem\u00e1s del departamento de Dibujo, se desarrolla el <strong>Departamento de Embellecimiento del Entorno<\/strong>, desde este departamento se plantear\u00e1 una planificaci\u00f3n flexible y din\u00e1mica de los contenidos de Educaci\u00f3n Pl\u00e1stica Visual y Audiovisual para su aplicaci\u00f3n en proyectos, usando los procedimientos, materiales y t\u00e9cnicas oportunos con el alumnado de segundo ciclo para proyectos permanentes y con el alumnado de primer ciclo con proyectos de car\u00e1cter ef\u00edmero. Esta materia favorece el trabajo interdisciplinar, partiendo de una coordinaci\u00f3n entre distintas asignaturas.<\/p>\r\n\r\n<h3 align=\"justify\"><\/h3>","protected":false},"excerpt":{"rendered":"<p>Desde el Departamento de Dibujo se desarrolla la asignatura de Educaci\u00f3n Pl\u00e1stica Visual y Audiovisual para primer y segundo ciclo de Educaci\u00f3n Secundaria Obligatoria en la Comunidad Aut\u00f3noma de Andaluc\u00eda. &#8230;<\/p>\n","protected":false},"author":2,"featured_media":0,"parent":183,"menu_order":0,"comment_status":"closed","ping_status":"closed","template":"","meta":[],"_links":{"self":[{"href":"http:\/\/iesmaestrojosezamudio.es\/web\/wp-json\/wp\/v2\/pages\/203"}],"collection":[{"href":"http:\/\/iesmaestrojosezamudio.es\/web\/wp-json\/wp\/v2\/pages"}],"about":[{"href":"http:\/\/iesmaestrojosezamudio.es\/web\/wp-json\/wp\/v2\/types\/page"}],"author":[{"embeddable":true,"href":"http:\/\/iesmaestrojosezamudio.es\/web\/wp-json\/wp\/v2\/users\/2"}],"replies":[{"embeddable":true,"href":"http:\/\/iesmaestrojosezamudio.es\/web\/wp-json\/wp\/v2\/comments?post=203"}],"version-history":[{"count":30,"href":"http:\/\/iesmaestrojosezamudio.es\/web\/wp-json\/wp\/v2\/pages\/203\/revisions"}],"predecessor-version":[{"id":3173,"href":"http:\/\/iesmaestrojosezamudio.es\/web\/wp-json\/wp\/v2\/pages\/203\/revisions\/3173"}],"up":[{"embeddable":true,"href":"http:\/\/iesmaestrojosezamudio.es\/web\/wp-json\/wp\/v2\/pages\/183"}],"wp:attachment":[{"href":"http:\/\/iesmaestrojosezamudio.es\/web\/wp-json\/wp\/v2\/media?parent=203"}],"curies":[{"name":"wp","href":"https:\/\/api.w.org\/{rel}","templated":true}]}}