{"id":365,"date":"2019-10-14T09:56:17","date_gmt":"2019-10-14T07:56:17","guid":{"rendered":"http:\/\/iesmaestrojosezamudio.es\/web\/?page_id=365"},"modified":"2022-04-01T08:53:15","modified_gmt":"2022-04-01T06:53:15","slug":"escuela-espacio-de-paz","status":"publish","type":"page","link":"http:\/\/iesmaestrojosezamudio.es\/web\/planes-y-proyectos\/escuela-espacio-de-paz\/","title":{"rendered":"Escuela: Espacio de Paz"},"content":{"rendered":"<h6><img class=\"size-medium wp-image-448 alignleft\" src=\"http:\/\/iesmaestrojosezamudio.es\/web\/wp-content\/uploads\/2019\/10\/logo-convinado-raep-300x139.jpg\" alt=\"\" width=\"300\" height=\"139\" \/><span id=\"aui_3_2_0_1158\" class=\"portlet-title-text\">Red Andaluza \"Escuela: Espacio de Paz\"<\/span><\/h6>\r\n<p align=\"JUSTIFY\"><span style=\"font-family: Arial, sans-serif;\"><span style=\"font-size: small;\">La Red Andaluza \u00abEscuela: Espacio de Paz\u00bb es una red de centros interesados en compartir iniciativas, recursos y experiencias para la mejora de la convivencia escolar y la difusi\u00f3n de la Cultura de Paz, contrayendo un compromiso de profundizaci\u00f3n en aspectos concretos de su Plan de Convivencia. La normativa que regula el funcionamiento de la Red pone el acento en la cultura de la evaluaci\u00f3n, en la necesidad de visibilizar las buenas pr\u00e1cticas desarrolladas en los centros y en la voluntad de trabajar en red compartiendo propuestas, estrategias y recursos con toda la comunidad educativa.<\/span><\/span><\/p>\r\n<p align=\"JUSTIFY\"><span style=\"font-family: Arial, sans-serif;\"><span style=\"font-size: small;\">Entre las se\u00f1as de identidad de los centros que integran la Red Andaluza \u00abEscuela: Espacio de Paz\u00bb destacan la promoci\u00f3n de los valores propios de una sociedad democr\u00e1tica, el respeto mutuo, la igualdad, el di\u00e1logo, la solidaridad y la resoluci\u00f3n pac\u00edfica de los conflictos, contando con la participaci\u00f3n de toda la comunidad educativa en la vida de los centros y la vinculaci\u00f3n e implicaci\u00f3n con su entorno.<\/span><\/span><\/p>\r\n<p align=\"JUSTIFY\"><span style=\"font-family: Arial, sans-serif;\"><span style=\"font-size: small;\">Los centros educativos pueden participar en la Red Andaluza \u00abEscuela: Espacio de Paz\u00bb en modalidad unicentro o en modalidad intercentro, que supone la participaci\u00f3n coordinada de varios centros de una misma zona educativa. Al final de cada curso escolar los centros de la Red Andaluza \u00abEscuela: Espacio de Paz\u00bb pueden solicitar una evaluaci\u00f3n externa para optar al reconocimiento como Centros Promotores de Convivencia Positiva (Convivencia+).<\/span><\/span><\/p>\r\n<p align=\"JUSTIFY\"><span style=\"font-family: Arial, sans-serif;\"><span style=\"font-size: small;\">Otro aspecto a destacar es el compromiso que adquieren los centros de participar en los Encuentros Zonales de la Red y las acciones formativas a las que se les convoca para facilitar su actualizaci\u00f3n y compartir experiencias y recursos con otros centros.<\/span><\/span><\/p>\r\n<p align=\"JUSTIFY\"><span style=\"font-family: Arial, sans-serif;\"><span style=\"font-size: small;\">Desde la Red Andaluza \u00abEscuela: Espacio de Paz\u00bb se proponen seis \u00e1mbitos de actuaci\u00f3n y profundizaci\u00f3n para la mejora de la convivencia escolar:<\/span><\/span><\/p>\r\n\r\n<ol>\r\n \t<li><span style=\"font-family: Arial, sans-serif;\"><span style=\"font-size: small;\">Mejora desde la gesti\u00f3n y organizaci\u00f3n.<\/span><\/span><\/li>\r\n \t<li><span style=\"font-family: Arial, sans-serif;\"><span style=\"font-size: small;\">Desarrollo de la participaci\u00f3n.<\/span><\/span><\/li>\r\n \t<li><span style=\"font-family: Arial, sans-serif;\"><span style=\"font-size: small;\">Promoci\u00f3n de la convivencia: desarrollo de valores, actitudes, habilidades y h\u00e1bitos.<\/span><\/span><\/li>\r\n \t<li><span style=\"font-family: Arial, sans-serif;\"><span style=\"font-size: small;\">Prevenci\u00f3n de situaciones de riesgo para la convivencia.<\/span><\/span><\/li>\r\n \t<li><span style=\"font-family: Arial, sans-serif;\"><span style=\"font-size: small;\">Intervenci\u00f3n ante conductas contrarias a la convivencia.<\/span><\/span><\/li>\r\n \t<li><span style=\"font-family: Arial, sans-serif;\"><span style=\"font-size: small;\">Reeducaci\u00f3n de actitudes y restauraci\u00f3n de la convivencia.<\/span><\/span><\/li>\r\n<\/ol>\r\n<p align=\"JUSTIFY\"><span style=\"font-family: Arial, sans-serif;\"><span style=\"font-size: small;\">Los procesos de mejora de la convivencia escolar, asumidos con car\u00e1cter voluntario por los centros educativos, deben contar con la implicaci\u00f3n del equipo directivo, con el visto bueno del Claustro y del Consejo Escolar, con un profesor o una profesora que asume la coordinaci\u00f3n de la participaci\u00f3n en la Red y con un equipo de docentes especialmente implicados en el desarrollo de las medidas propuestas y que asumen, asimismo, el compromiso de adquirir la formaci\u00f3n necesaria para afrontar adecuadamente las mismas.<\/span><\/span><\/p>\r\n<p align=\"JUSTIFY\"><span style=\"font-family: Arial, sans-serif;\"><span style=\"font-size: small;\">A nivel provincial, la Red Andaluza \u00abEscuela: Espacio de Paz\u00bb cuenta con el apoyo de los Gabinetes Provinciales de Asesoramiento sobre la Convivencia Escolar entre cuyas funciones est\u00e1 el asesoramiento, la dinamizaci\u00f3n y el seguimiento de los Planes de Convivencia de los centros, participando, junto con la Inspecci\u00f3n Educativa y los Centros de Formaci\u00f3n del Profesorado, en el proceso de evaluaci\u00f3n externa para el reconocimiento de los Centros Promotores de Convivencia Positiva (Convivencia+).<\/span><\/span><\/p>\r\n<p align=\"JUSTIFY\"><span style=\"font-family: Arial, sans-serif;\"><span style=\"font-size: small;\">Compromisos que adquieren los centros inscritos en la Red:<\/span><\/span><\/p>\r\n\r\n<ol>\r\n \t<li>\r\n<p align=\"JUSTIFY\"><span style=\"font-family: Arial, sans-serif;\"><span style=\"font-size: small;\">Planificar la mejora de la convivencia en el centro desde una perspectiva integral y trabajar de modo especial, al menos, uno de los \u00e1mbitos de actuaci\u00f3n establecidos.<\/span><\/span><\/p>\r\n<\/li>\r\n \t<li>\r\n<p align=\"JUSTIFY\"><span style=\"font-family: Arial, sans-serif;\"><span style=\"font-size: small;\">Establecer indicadores de evaluaci\u00f3n de la convivencia que permitan valorar la eficacia de las actividades desarrolladas por el centro y realizar su seguimiento.<\/span><\/span><\/p>\r\n<\/li>\r\n \t<li>\r\n<p align=\"JUSTIFY\"><span style=\"font-family: Arial, sans-serif;\"><span style=\"font-size: small;\">Dedicar, al menos, una sesi\u00f3n del Claustro de Profesorado con car\u00e1cter monogr\u00e1fico a la convivencia.<\/span><\/span><\/p>\r\n<\/li>\r\n \t<li>\r\n<p align=\"JUSTIFY\"><span style=\"font-family: Arial, sans-serif;\"><span style=\"font-size: small;\">Facilitar la asistencia de la persona coordinadora a las reuniones de la Red que convoquen los organismos competentes.<\/span><\/span><\/p>\r\n<\/li>\r\n \t<li>\r\n<p align=\"JUSTIFY\"><span style=\"font-family: Arial, sans-serif;\"><span style=\"font-size: small;\">Coordinarse e intercambiar buenas pr\u00e1cticas con otros centros participantes en la Red, a trav\u00e9s de los mecanismos e instrumentos que facilite la Consejer\u00eda de Educaci\u00f3n.<\/span><\/span><\/p>\r\n<\/li>\r\n \t<li>\r\n<p align=\"JUSTIFY\"><span style=\"font-family: Arial, sans-serif;\"><span style=\"font-size: small;\">Incorporar al plan de convivencia del centro las mejoras que le aporte su participaci\u00f3n en la Red Andaluza \u00abEscuela: Espacio de Paz\u00bb.<\/span><\/span><\/p>\r\n<\/li>\r\n \t<li>\r\n<p align=\"JUSTIFY\"><span style=\"font-family: Arial, sans-serif;\"><span style=\"font-size: small;\">Realizar una memoria reflejando las actuaciones desarrolladas en el centro en relaci\u00f3n con su participaci\u00f3n en la Red.<\/span><\/span><\/p>\r\n<\/li>\r\n<\/ol>\r\n&nbsp;\r\n\r\n<strong>Inscripci\u00f3n en la Red Andaluza \"Escuela: Espacio de Paz\":<\/strong>\r\n<p align=\"JUSTIFY\"><span style=\"font-family: Arial, sans-serif;\"><span style=\"font-size: small;\">La inscripci\u00f3n en la Red Andaluza \u00abEscuela: Espacio de Paz\u00bb debe contar con el visto bueno del claustro del profesorado y del Consejo Escolar. Los centros deben solicitar o renovar cada a\u00f1o su participaci\u00f3n en la Red haciendo constar en la ficha de inscripci\u00f3n la fecha de la sesi\u00f3n del Consejo Escolar en la que se ha aprobado la inscripci\u00f3n o continuidad del centro en la Red.<\/span><\/span><\/p>\r\n<p align=\"JUSTIFY\"><span style=\"font-family: Arial, sans-serif;\"><span style=\"font-size: small;\">El plazo de inscripci\u00f3n en la<strong>\u00a0Red Andaluza \u00abEscuela: Espacio de Paz\u00bb<\/strong>\u00a0es el comprendido entre el\u00a0<strong>15 de junio y el 30 de septiembre<\/strong>\u00a0de cada a\u00f1o, ambos inclusive.<\/span><\/span><\/p>\r\n<p align=\"JUSTIFY\"><strong><span style=\"font-family: Arial, sans-serif;\"><span style=\"font-size: small;\">Documentos y normativa de referencia:<\/span><\/span><\/strong><\/p>\r\n\r\n<ul>\r\n \t<li>Orden de 11 de abril de 2011, por la que se regula la participaci\u00f3n de los centros docentes en la Red Andaluza \u201cEscuela: Espacio de Paz\u201d y el procedimiento para solicitar reconocimiento como Centros Promotores de Convivencia Positiva (Convivencia+).\u00a0<a href=\"http:\/\/juntadeandalucia.es\/boja\/2011\/85\/d1.pdf\" target=\"_blank\" rel=\"noopener noreferrer\">BOJA N\u00ba 85 de 3\/05\/2011<\/a><\/li>\r\n \t<li><a href=\"http:\/\/portal.ced.junta-andalucia.es\/educacion\/webportal\/ishare-servlet\/content\/a5ebd527-f36f-4727-8088-61dd31cb3f84\" target=\"_blank\" rel=\"noopener noreferrer\">Orientaciones generales para la gesti\u00f3n de la RAEEP<\/a><\/li>\r\n<\/ul>\r\n&nbsp;\r\n\r\n<strong>ATR\u00c9VETE A PENSAR POR TI MISMO<\/strong> <br>\r\n<br>\r\n\r\n<img class=\"alignnone size-medium wp-image-2422\" src=\"http:\/\/iesmaestrojosezamudio.es\/web\/wp-content\/uploads\/2022\/03\/37FA7768-02EC-4965-818B-2ADE8FAF9E6B-212x300.jpeg\" alt=\"\" width=\"212\" height=\"300\" \/> <br>\r\n<br>\r\n\r\n<a href=\"http:\/\/iesmaestrojosezamudio.es\/web\/wp-content\/uploads\/2022\/03\/617A86A8-FB25-49B6-B132-5AF273C9786A.mp4\">V\u00cdDEO ESCUELA DE PAZ \u201cIES MAESTRO JOS\u00c9 ZAMUDIO\u201d<\/a>\r\n\r\n&nbsp;\r\n\r\n&nbsp;","protected":false},"excerpt":{"rendered":"<p>Red Andaluza \u00abEscuela: Espacio de Paz\u00bb La Red Andaluza \u00abEscuela: Espacio de Paz\u00bb es una red de centros interesados en compartir iniciativas, recursos y experiencias para la mejora de la &#8230;<\/p>\n","protected":false},"author":2,"featured_media":0,"parent":78,"menu_order":0,"comment_status":"closed","ping_status":"closed","template":"","meta":[],"_links":{"self":[{"href":"http:\/\/iesmaestrojosezamudio.es\/web\/wp-json\/wp\/v2\/pages\/365"}],"collection":[{"href":"http:\/\/iesmaestrojosezamudio.es\/web\/wp-json\/wp\/v2\/pages"}],"about":[{"href":"http:\/\/iesmaestrojosezamudio.es\/web\/wp-json\/wp\/v2\/types\/page"}],"author":[{"embeddable":true,"href":"http:\/\/iesmaestrojosezamudio.es\/web\/wp-json\/wp\/v2\/users\/2"}],"replies":[{"embeddable":true,"href":"http:\/\/iesmaestrojosezamudio.es\/web\/wp-json\/wp\/v2\/comments?post=365"}],"version-history":[{"count":11,"href":"http:\/\/iesmaestrojosezamudio.es\/web\/wp-json\/wp\/v2\/pages\/365\/revisions"}],"predecessor-version":[{"id":2426,"href":"http:\/\/iesmaestrojosezamudio.es\/web\/wp-json\/wp\/v2\/pages\/365\/revisions\/2426"}],"up":[{"embeddable":true,"href":"http:\/\/iesmaestrojosezamudio.es\/web\/wp-json\/wp\/v2\/pages\/78"}],"wp:attachment":[{"href":"http:\/\/iesmaestrojosezamudio.es\/web\/wp-json\/wp\/v2\/media?parent=365"}],"curies":[{"name":"wp","href":"https:\/\/api.w.org\/{rel}","templated":true}]}}

<h6><img class="size-medium wp-image-448 alignleft" src="http://iesmaestrojosezamudio.es/web/wp-content/uploads/2019/10/logo-convinado-raep-300x139.jpg" alt="" width="300" height="139" /><span id="aui_3_2_0_1158" class="portlet-title-text">Red Andaluza "Escuela: Espacio de Paz"</span></h6>
<p align="JUSTIFY"><span style="font-family: Arial, sans-serif;"><span style="font-size: small;">La Red Andaluza «Escuela: Espacio de Paz» es una red de centros interesados en compartir iniciativas, recursos y experiencias para la mejora de la convivencia escolar y la difusión de la Cultura de Paz, contrayendo un compromiso de profundización en aspectos concretos de su Plan de Convivencia. La normativa que regula el funcionamiento de la Red pone el acento en la cultura de la evaluación, en la necesidad de visibilizar las buenas prácticas desarrolladas en los centros y en la voluntad de trabajar en red compartiendo propuestas, estrategias y recursos con toda la comunidad educativa.</span></span></p>
<p align="JUSTIFY"><span style="font-family: Arial, sans-serif;"><span style="font-size: small;">Entre las señas de identidad de los centros que integran la Red Andaluza «Escuela: Espacio de Paz» destacan la promoción de los valores propios de una sociedad democrática, el respeto mutuo, la igualdad, el diálogo, la solidaridad y la resolución pacífica de los conflictos, contando con la participación de toda la comunidad educativa en la vida de los centros y la vinculación e implicación con su entorno.</span></span></p>
<p align="JUSTIFY"><span style="font-family: Arial, sans-serif;"><span style="font-size: small;">Los centros educativos pueden participar en la Red Andaluza «Escuela: Espacio de Paz» en modalidad unicentro o en modalidad intercentro, que supone la participación coordinada de varios centros de una misma zona educativa. Al final de cada curso escolar los centros de la Red Andaluza «Escuela: Espacio de Paz» pueden solicitar una evaluación externa para optar al reconocimiento como Centros Promotores de Convivencia Positiva (Convivencia+).</span></span></p>
<p align="JUSTIFY"><span style="font-family: Arial, sans-serif;"><span style="font-size: small;">Otro aspecto a destacar es el compromiso que adquieren los centros de participar en los Encuentros Zonales de la Red y las acciones formativas a las que se les convoca para facilitar su actualización y compartir experiencias y recursos con otros centros.</span></span></p>
<p align="JUSTIFY"><span style="font-family: Arial, sans-serif;"><span style="font-size: small;">Desde la Red Andaluza «Escuela: Espacio de Paz» se proponen seis ámbitos de actuación y profundización para la mejora de la convivencia escolar:</span></span></p>

<ol>
 	<li><span style="font-family: Arial, sans-serif;"><span style="font-size: small;">Mejora desde la gestión y organización.</span></span></li>
 	<li><span style="font-family: Arial, sans-serif;"><span style="font-size: small;">Desarrollo de la participación.</span></span></li>
 	<li><span style="font-family: Arial, sans-serif;"><span style="font-size: small;">Promoción de la convivencia: desarrollo de valores, actitudes, habilidades y hábitos.</span></span></li>
 	<li><span style="font-family: Arial, sans-serif;"><span style="font-size: small;">Prevención de situaciones de riesgo para la convivencia.</span></span></li>
 	<li><span style="font-family: Arial, sans-serif;"><span style="font-size: small;">Intervención ante conductas contrarias a la convivencia.</span></span></li>
 	<li><span style="font-family: Arial, sans-serif;"><span style="font-size: small;">Reeducación de actitudes y restauración de la convivencia.</span></span></li>
</ol>
<p align="JUSTIFY"><span style="font-family: Arial, sans-serif;"><span style="font-size: small;">Los procesos de mejora de la convivencia escolar, asumidos con carácter voluntario por los centros educativos, deben contar con la implicación del equipo directivo, con el visto bueno del Claustro y del Consejo Escolar, con un profesor o una profesora que asume la coordinación de la participación en la Red y con un equipo de docentes especialmente implicados en el desarrollo de las medidas propuestas y que asumen, asimismo, el compromiso de adquirir la formación necesaria para afrontar adecuadamente las mismas.</span></span></p>
<p align="JUSTIFY"><span style="font-family: Arial, sans-serif;"><span style="font-size: small;">A nivel provincial, la Red Andaluza «Escuela: Espacio de Paz» cuenta con el apoyo de los Gabinetes Provinciales de Asesoramiento sobre la Convivencia Escolar entre cuyas funciones está el asesoramiento, la dinamización y el seguimiento de los Planes de Convivencia de los centros, participando, junto con la Inspección Educativa y los Centros de Formación del Profesorado, en el proceso de evaluación externa para el reconocimiento de los Centros Promotores de Convivencia Positiva (Convivencia+).</span></span></p>
<p align="JUSTIFY"><span style="font-family: Arial, sans-serif;"><span style="font-size: small;">Compromisos que adquieren los centros inscritos en la Red:</span></span></p>

<ol>
 	<li>
<p align="JUSTIFY"><span style="font-family: Arial, sans-serif;"><span style="font-size: small;">Planificar la mejora de la convivencia en el centro desde una perspectiva integral y trabajar de modo especial, al menos, uno de los ámbitos de actuación establecidos.</span></span></p>
</li>
 	<li>
<p align="JUSTIFY"><span style="font-family: Arial, sans-serif;"><span style="font-size: small;">Establecer indicadores de evaluación de la convivencia que permitan valorar la eficacia de las actividades desarrolladas por el centro y realizar su seguimiento.</span></span></p>
</li>
 	<li>
<p align="JUSTIFY"><span style="font-family: Arial, sans-serif;"><span style="font-size: small;">Dedicar, al menos, una sesión del Claustro de Profesorado con carácter monográfico a la convivencia.</span></span></p>
</li>
 	<li>
<p align="JUSTIFY"><span style="font-family: Arial, sans-serif;"><span style="font-size: small;">Facilitar la asistencia de la persona coordinadora a las reuniones de la Red que convoquen los organismos competentes.</span></span></p>
</li>
 	<li>
<p align="JUSTIFY"><span style="font-family: Arial, sans-serif;"><span style="font-size: small;">Coordinarse e intercambiar buenas prácticas con otros centros participantes en la Red, a través de los mecanismos e instrumentos que facilite la Consejería de Educación.</span></span></p>
</li>
 	<li>
<p align="JUSTIFY"><span style="font-family: Arial, sans-serif;"><span style="font-size: small;">Incorporar al plan de convivencia del centro las mejoras que le aporte su participación en la Red Andaluza «Escuela: Espacio de Paz».</span></span></p>
</li>
 	<li>
<p align="JUSTIFY"><span style="font-family: Arial, sans-serif;"><span style="font-size: small;">Realizar una memoria reflejando las actuaciones desarrolladas en el centro en relación con su participación en la Red.</span></span></p>
</li>
</ol>
&nbsp;

<strong>Inscripción en la Red Andaluza "Escuela: Espacio de Paz":</strong>
<p align="JUSTIFY"><span style="font-family: Arial, sans-serif;"><span style="font-size: small;">La inscripción en la Red Andaluza «Escuela: Espacio de Paz» debe contar con el visto bueno del claustro del profesorado y del Consejo Escolar. Los centros deben solicitar o renovar cada año su participación en la Red haciendo constar en la ficha de inscripción la fecha de la sesión del Consejo Escolar en la que se ha aprobado la inscripción o continuidad del centro en la Red.</span></span></p>
<p align="JUSTIFY"><span style="font-family: Arial, sans-serif;"><span style="font-size: small;">El plazo de inscripción en la<strong> Red Andaluza «Escuela: Espacio de Paz»</strong> es el comprendido entre el <strong>15 de junio y el 30 de septiembre</strong> de cada año, ambos inclusive.</span></span></p>
<p align="JUSTIFY"><strong><span style="font-family: Arial, sans-serif;"><span style="font-size: small;">Documentos y normativa de referencia:</span></span></strong></p>

<ul>
 	<li>Orden de 11 de abril de 2011, por la que se regula la participación de los centros docentes en la Red Andaluza “Escuela: Espacio de Paz” y el procedimiento para solicitar reconocimiento como Centros Promotores de Convivencia Positiva (Convivencia+). <a href="http://juntadeandalucia.es/boja/2011/85/d1.pdf" target="_blank" rel="noopener noreferrer">BOJA Nº 85 de 3/05/2011</a></li>
 	<li><a href="http://portal.ced.junta-andalucia.es/educacion/webportal/ishare-servlet/content/a5ebd527-f36f-4727-8088-61dd31cb3f84" target="_blank" rel="noopener noreferrer">Orientaciones generales para la gestión de la RAEEP</a></li>
</ul>
&nbsp;

<strong>ATRÉVETE A PENSAR POR TI MISMO</strong> <br>
<br>

<img class="alignnone size-medium wp-image-2422" src="http://iesmaestrojosezamudio.es/web/wp-content/uploads/2022/03/37FA7768-02EC-4965-818B-2ADE8FAF9E6B-212x300.jpeg" alt="" width="212" height="300" /> <br>
<br>

<a href="http://iesmaestrojosezamudio.es/web/wp-content/uploads/2022/03/617A86A8-FB25-49B6-B132-5AF273C9786A.mp4">VÍDEO ESCUELA DE PAZ “IES MAESTRO JOSÉ ZAMUDIO”</a>

&nbsp;

&nbsp;
