{"id":77,"date":"2019-10-09T17:41:37","date_gmt":"2019-10-09T15:41:37","guid":{"rendered":"http:\/\/iesmaestrojosezamudio.es\/web\/?page_id=77"},"modified":"2020-11-12T23:20:11","modified_gmt":"2020-11-12T22:20:11","slug":"departamentos","status":"publish","type":"page","link":"http:\/\/iesmaestrojosezamudio.es\/web\/departamentos\/","title":{"rendered":"Departamentos"},"content":{"rendered":"<ul>\r\n \t<li>Ciencias Naturales (Biologia, Fisica y Quimica)<\/li>\r\n \t<li><span style=\"color: #808080;\"><a style=\"color: #808080;\" href=\"http:\/\/iesmaestrojosezamudio.es\/web\/departamentos\/dace\/\">DACE<\/a><\/span><\/li>\r\n \t<li><span style=\"color: #808080;\"><a style=\"color: #808080;\" href=\"http:\/\/iesmaestrojosezamudio.es\/web\/departamentos\/dfeie\/\">DFEIE<\/a><\/span><\/li>\r\n \t<li><span style=\"color: #808080;\"><a style=\"color: #808080;\" href=\"http:\/\/iesmaestrojosezamudio.es\/web\/dibujo\/\">Dibujo<\/a><\/span><\/li>\r\n \t<li><span style=\"color: #808080;\"><a style=\"color: #808080;\" href=\"http:\/\/iesmaestrojosezamudio.es\/web\/educacion-fisica\/\">Educaci\u00f3n F\u00edsica<\/a><\/span><\/li>\r\n \t<li><span style=\"color: #808080;\"><a style=\"color: #808080;\" href=\"http:\/\/iesmaestrojosezamudio.es\/web\/ingles\/\">Ingl\u00e9s y Franc\u00e9s<\/a><\/span><\/li>\r\n \t<li><span style=\"color: #808080;\"><a style=\"color: #808080;\" href=\"http:\/\/iesmaestrojosezamudio.es\/web\/musica\/\">M\u00fasica<\/a><\/span><\/li>\r\n \t<li><span style=\"color: #808080;\"><a style=\"color: #808080;\" href=\"http:\/\/iesmaestrojosezamudio.es\/web\/matematicas\/\">Matem\u00e1ticas y Tecnolog\u00eda<\/a><\/span><\/li>\r\n \t<li><span style=\"color: #808080;\"><a style=\"color: #808080;\" href=\"http:\/\/iesmaestrojosezamudio.es\/web\/departamentos\/orientacion-2\/\">Orientaci\u00f3n<\/a><\/span><\/li>\r\n \t<li><span style=\"color: #808080;\"><a style=\"color: #808080;\" href=\"http:\/\/iesmaestrojosezamudio.es\/web\/tecnologia\/\">Tecnolog\u00eda<\/a><\/span><\/li>\r\n \t<li><span style=\"color: #808080;\"><a style=\"color: #808080;\" href=\"http:\/\/iesmaestrojosezamudio.es\/web\/lengua-y-literatura\/\">Lengua y Literatura y Sociales<\/a><\/span><\/li>\r\n \t<li><span style=\"color: #808080;\"><a style=\"color: #808080;\" href=\"http:\/\/iesmaestrojosezamudio.es\/web\/religion\/\">Religi\u00f3n<\/a><\/span><\/li>\r\n \t<li><a href=\"http:\/\/iesmaestrojosezamudio.es\/web\/departamentos\/criterios-e-instrumentos-de-calificacion-2\/\"><span style=\"color: #808080;\">Criterios de evaluaci\u00f3n<\/span><\/a><\/li>\r\n \t<li>DEPARTAMENTOS TRANSVERSALES<\/li>\r\n<\/ul>","protected":false},"excerpt":{"rendered":"<p>Ciencias Naturales (Biologia, Fisica y Quimica) DACE DFEIE Dibujo Educaci\u00f3n F\u00edsica Ingl\u00e9s y Franc\u00e9s M\u00fasica Matem\u00e1ticas y Tecnolog\u00eda Orientaci\u00f3n Tecnolog\u00eda Lengua y Literatura y Sociales Religi\u00f3n Criterios de evaluaci\u00f3n DEPARTAMENTOS &#8230;<\/p>\n","protected":false},"author":2,"featured_media":0,"parent":0,"menu_order":0,"comment_status":"closed","ping_status":"closed","template":"","meta":[],"_links":{"self":[{"href":"http:\/\/iesmaestrojosezamudio.es\/web\/wp-json\/wp\/v2\/pages\/77"}],"collection":[{"href":"http:\/\/iesmaestrojosezamudio.es\/web\/wp-json\/wp\/v2\/pages"}],"about":[{"href":"http:\/\/iesmaestrojosezamudio.es\/web\/wp-json\/wp\/v2\/types\/page"}],"author":[{"embeddable":true,"href":"http:\/\/iesmaestrojosezamudio.es\/web\/wp-json\/wp\/v2\/users\/2"}],"replies":[{"embeddable":true,"href":"http:\/\/iesmaestrojosezamudio.es\/web\/wp-json\/wp\/v2\/comments?post=77"}],"version-history":[{"count":21,"href":"http:\/\/iesmaestrojosezamudio.es\/web\/wp-json\/wp\/v2\/pages\/77\/revisions"}],"predecessor-version":[{"id":1536,"href":"http:\/\/iesmaestrojosezamudio.es\/web\/wp-json\/wp\/v2\/pages\/77\/revisions\/1536"}],"wp:attachment":[{"href":"http:\/\/iesmaestrojosezamudio.es\/web\/wp-json\/wp\/v2\/media?parent=77"}],"curies":[{"name":"wp","href":"https:\/\/api.w.org\/{rel}","templated":true}]}}