{"id":85,"date":"2019-10-09T17:55:35","date_gmt":"2019-10-09T15:55:35","guid":{"rendered":"http:\/\/iesmaestrojosezamudio.es\/web\/?page_id=85"},"modified":"2019-11-17T16:42:20","modified_gmt":"2019-11-17T15:42:20","slug":"saludo-de-la-directora","status":"publish","type":"page","link":"http:\/\/iesmaestrojosezamudio.es\/web\/centro\/saludo-de-la-directora\/","title":{"rendered":"Saludo del Claustro de Profesores"},"content":{"rendered":"<p style=\"text-align: center;\"><img class=\"aligncenter size-medium wp-image-27\" src=\"http:\/\/iesmaestrojosezamudio.es\/web\/wp-content\/uploads\/2019\/09\/diapositiva1-300x90.png\" alt=\"\" width=\"300\" height=\"90\" \/><\/p>\r\n\r\n\r\n<p align=\"justify\">La finalidad primordial de nuestro proyecto es conseguir el \u00e9xito educativo de todo el alumnado, educando en la responsabilidad,el respeto mutuo, la solidaridad, el buen uso de las tecnolog\u00edas, el respeto al medio ambiente,\u00a0 proporcion\u00e1ndole herramientas \u00fatiles para estudios posteriores y para su inserci\u00f3n personal y profesional en el mundo adulto.\r\n<br><\/br>\r\nQueremos ser un centro educativo inclusivo que coeduque en la igualdad, regido por un plan de convivencia eficaz y compartido, un centro participativo que proporcione una educaci\u00f3n de calidad y promocione la cultura del esfuerzo, la conciencia ciudadana, la innovaci\u00f3n metodol\u00f3gica, la educaci\u00f3n de la inteligencia emocional y la cultura andaluza,\u00a0 un centro en el que los conflictos sean vividos como oportunidades para el aprendizaje y sean resueltos pac\u00edficamente, un centro que trabaje h\u00e1bitos de vida saludable y el uso responsable de las tecnolog\u00edas.\r\n<br><\/br>\r\nDesde esta p\u00e1gina web que estrenamos pretendemos abrir una ventana de comunicaci\u00f3n para toda la comunidad educativa y nuestro entorno. Somos conscientes de que no podremos lograr nuestros objetivos si no es con la ayuda de las familias y la comunidad, tal y como nos ense\u00f1a el proverbio africano: \u201cPara educar a un ni\u00f1o, a una ni\u00f1a hace falta la tribu entera\u201d<\/p>\r\n<p style=\"text-align: center;\">Claustro de profesorado<\/p>\r\n<p style=\"text-align: center;\">Ies Maestro Jos\u00e9 Zamudio<\/p>\r\n<p style=\"text-align: center;\">Octubre 2019<\/p>","protected":false},"excerpt":{"rendered":"<p>La finalidad primordial de nuestro proyecto es conseguir el \u00e9xito educativo de todo el alumnado, educando en la responsabilidad,el respeto mutuo, la solidaridad, el buen uso de las tecnolog\u00edas, el &#8230;<\/p>\n","protected":false},"author":2,"featured_media":0,"parent":76,"menu_order":0,"comment_status":"closed","ping_status":"closed","template":"","meta":[],"_links":{"self":[{"href":"http:\/\/iesmaestrojosezamudio.es\/web\/wp-json\/wp\/v2\/pages\/85"}],"collection":[{"href":"http:\/\/iesmaestrojosezamudio.es\/web\/wp-json\/wp\/v2\/pages"}],"about":[{"href":"http:\/\/iesmaestrojosezamudio.es\/web\/wp-json\/wp\/v2\/types\/page"}],"author":[{"embeddable":true,"href":"http:\/\/iesmaestrojosezamudio.es\/web\/wp-json\/wp\/v2\/users\/2"}],"replies":[{"embeddable":true,"href":"http:\/\/iesmaestrojosezamudio.es\/web\/wp-json\/wp\/v2\/comments?post=85"}],"version-history":[{"count":12,"href":"http:\/\/iesmaestrojosezamudio.es\/web\/wp-json\/wp\/v2\/pages\/85\/revisions"}],"predecessor-version":[{"id":712,"href":"http:\/\/iesmaestrojosezamudio.es\/web\/wp-json\/wp\/v2\/pages\/85\/revisions\/712"}],"up":[{"embeddable":true,"href":"http:\/\/iesmaestrojosezamudio.es\/web\/wp-json\/wp\/v2\/pages\/76"}],"wp:attachment":[{"href":"http:\/\/iesmaestrojosezamudio.es\/web\/wp-json\/wp\/v2\/media?parent=85"}],"curies":[{"name":"wp","href":"https:\/\/api.w.org\/{rel}","templated":true}]}}

<p style="text-align: center;"><img class="aligncenter size-medium wp-image-27" src="http://iesmaestrojosezamudio.es/web/wp-content/uploads/2019/09/diapositiva1-300x90.png" alt="" width="300" height="90" /></p>


<p align="justify">La finalidad primordial de nuestro proyecto es conseguir el éxito educativo de todo el alumnado, educando en la responsabilidad,el respeto mutuo, la solidaridad, el buen uso de las tecnologías, el respeto al medio ambiente,  proporcionándole herramientas útiles para estudios posteriores y para su inserción personal y profesional en el mundo adulto.
<br></br>
Queremos ser un centro educativo inclusivo que coeduque en la igualdad, regido por un plan de convivencia eficaz y compartido, un centro participativo que proporcione una educación de calidad y promocione la cultura del esfuerzo, la conciencia ciudadana, la innovación metodológica, la educación de la inteligencia emocional y la cultura andaluza,  un centro en el que los conflictos sean vividos como oportunidades para el aprendizaje y sean resueltos pacíficamente, un centro que trabaje hábitos de vida saludable y el uso responsable de las tecnologías.
<br></br>
Desde esta página web que estrenamos pretendemos abrir una ventana de comunicación para toda la comunidad educativa y nuestro entorno. Somos conscientes de que no podremos lograr nuestros objetivos si no es con la ayuda de las familias y la comunidad, tal y como nos enseña el proverbio africano: “Para educar a un niño, a una niña hace falta la tribu entera”</p>
<p style="text-align: center;">Claustro de profesorado</p>
<p style="text-align: center;">Ies Maestro José Zamudio</p>
<p style="text-align: center;">Octubre 2019</p>

<p>La finalidad primordial de nuestro proyecto es conseguir el éxito educativo de todo el alumnado, educando en la responsabilidad,el respeto mutuo, la solidaridad, el buen uso de las tecnologías, el &#8230;</p>
