{"id":92,"date":"2019-10-09T17:56:07","date_gmt":"2019-10-09T15:56:07","guid":{"rendered":"http:\/\/iesmaestrojosezamudio.es\/web\/?page_id=92"},"modified":"2019-10-29T20:47:28","modified_gmt":"2019-10-29T19:47:28","slug":"secretaria","status":"publish","type":"page","link":"http:\/\/iesmaestrojosezamudio.es\/web\/centro\/secretaria\/","title":{"rendered":"Secretar\u00eda"},"content":{"rendered":"Horario de atenci\u00f3n al p\u00fablico: 9:30 a 13:00 de Lunes a Viernes.","protected":false},"excerpt":{"rendered":"<p>Horario de atenci\u00f3n al p\u00fablico: 9:30 a 13:00 de Lunes a Viernes.<\/p>\n","protected":false},"author":2,"featured_media":0,"parent":76,"menu_order":0,"comment_status":"closed","ping_status":"closed","template":"","meta":[],"_links":{"self":[{"href":"http:\/\/iesmaestrojosezamudio.es\/web\/wp-json\/wp\/v2\/pages\/92"}],"collection":[{"href":"http:\/\/iesmaestrojosezamudio.es\/web\/wp-json\/wp\/v2\/pages"}],"about":[{"href":"http:\/\/iesmaestrojosezamudio.es\/web\/wp-json\/wp\/v2\/types\/page"}],"author":[{"embeddable":true,"href":"http:\/\/iesmaestrojosezamudio.es\/web\/wp-json\/wp\/v2\/users\/2"}],"replies":[{"embeddable":true,"href":"http:\/\/iesmaestrojosezamudio.es\/web\/wp-json\/wp\/v2\/comments?post=92"}],"version-history":[{"count":3,"href":"http:\/\/iesmaestrojosezamudio.es\/web\/wp-json\/wp\/v2\/pages\/92\/revisions"}],"predecessor-version":[{"id":599,"href":"http:\/\/iesmaestrojosezamudio.es\/web\/wp-json\/wp\/v2\/pages\/92\/revisions\/599"}],"up":[{"embeddable":true,"href":"http:\/\/iesmaestrojosezamudio.es\/web\/wp-json\/wp\/v2\/pages\/76"}],"wp:attachment":[{"href":"http:\/\/iesmaestrojosezamudio.es\/web\/wp-json\/wp\/v2\/media?parent=92"}],"curies":[{"name":"wp","href":"https:\/\/api.w.org\/{rel}","templated":true}]}}